1
In base 14, what is 1d8993c2 - -8?
1d8993ca
In base 13, what is -2646 + -2c?
-2675
In base 12, what is 145936 - 1b?
145917
In base 16, what is -3 + -f35c9c9?
-f35c9cc
In base 8, what is -2752 - 114254?
-117226
In base 11, what is 19070a8 + 0?
19070a8
In base 7, what is -2 + -101301560?
-101301562
In base 16, what is -4cca1 + 72?
-4cc2f
In base 3, what is 1012002202112 + 222?
1012002210111
In base 4, what is 22 - -303003013120?
303003013202
In base 3, what is -1221222201 - -1100202011?
-121020120
In base 7, what is 11 + -5562615?
-5562604
In base 8, what is 14645536 + -53?
14645463
In base 14, what is -19521a - -343?
-194cb7
In base 10, what is 5212478 - 2?
5212476
In base 3, what is 211201102221021 + 212?
211201102222010
In base 14, what is -dc2ac - 6?
-dc2b4
In base 9, what is -8 - -77771454?
77771445
In base 13, what is -9988 + -2202?
-bb8a
In base 11, what is 2aa06 - -940?
30846
In base 16, what is 1 - 19926f9?
-19926f8
In base 16, what is 6b80d + -1f?
6b7ee
In base 8, what is -21721040 + 11?
-21721027
In base 2, what is 10010 + 10010010101011110000010?
10010010101011110010100
In base 11, what is -3029a57 + -8a?
-302a036
In base 16, what is 35794 + 47?
357db
In base 2, what is -110 + 100101001110001101101?
100101001110001100111
In base 16, what is -5 - -caf050?
caf04b
In base 9, what is 38 - 10053305?
-10053256
In base 3, what is 111000121012012 - -110?
111000121012122
In base 10, what is -44 + -392509?
-392553
In base 11, what is 98208457 + 3?
9820845a
In base 7, what is 64 - 12633202?
-12633105
In base 3, what is -12012100112 - -11010?
-12012012102
In base 2, what is -1010010011100010100000000111 - 101?
-1010010011100010100000001100
In base 7, what is 0 - 330646160?
-330646160
In base 15, what is 22b62e0 + -6?
22b62d9
In base 16, what is -12 + -84757?
-84769
In base 7, what is 53206146 + -5?
53206141
In base 9, what is 26816837 + 0?
26816837
In base 8, what is 13 - -317702?
317715
In base 11, what is -99 + -9218a0?
-921989
In base 12, what is -1298b + 22?
-12969
In base 10, what is -1789846 - 275?
-1790121
In base 15, what is -79 + -137e0e?
-137e88
In base 9, what is 586 - 276575?
-275878
In base 11, what is -67 + -373a56?
-374012
In base 14, what is -a0a897 - 4?
-a0a89b
In base 7, what is -3 - -4031112002?
4031111666
In base 15, what is -31 - -94c16?
94bd5
In base 16, what is 4 - -150be19?
150be1d
In base 10, what is -244 + -41930?
-42174
In base 15, what is -1 - 4e71385?
-4e71386
In base 4, what is 320 + -10001001002?
-10001000022
In base 8, what is 3 + 7230076?
7230101
In base 15, what is -2 - 12de13?
-12de15
In base 14, what is -1c1363 + -6d?
-1c13d2
In base 3, what is -200 + 1201102202021010?
1201102202020110
In base 8, what is -360452 + -73?
-360545
In base 16, what is -1 - 59b8aec?
-59b8aed
In base 4, what is -20212231330 - 21?
-20212232011
In base 13, what is 1a3813a + 24?
1a38161
In base 16, what is 2 - -135b34b?
135b34d
In base 9, what is 64764022 + -5?
64764016
In base 7, what is 1 - 30430366?
-30430365
In base 5, what is -33403220433 - 3?
-33403220441
In base 5, what is 313340 - 421401?
-103011
In base 8, what is 1 - -651127557?
651127560
In base 7, what is -2561240230 + -5?
-2561240235
In base 4, what is 22 + -1120320031?
-1120320003
In base 15, what is 50b - -5477?
5983
In base 3, what is -1210002011 - 1111121?
-1211120202
In base 7, what is -105511126 + 120?
-105511006
In base 13, what is -106784a - 29?
-1067876
In base 16, what is 13a - -5330?
546a
In base 14, what is -8 + -3c4007?
-3c4011
In base 3, what is 1211102011 - -2101111?
1220210122
In base 12, what is 30a95 + -39b?
306b6
In base 12, what is -6a52 + 1b8?
-6856
In base 12, what is -104428 - -58?
-104390
In base 6, what is -153243 + -1130?
-154413
In base 6, what is 2 - 110413300?
-110413254
In base 6, what is -301224 - -21524?
-235300
In base 9, what is 1702 - 2573?
-771
In base 13, what is -c - 888504?
-888513
In base 4, what is -1302301222 - 31232?
-1302333120
In base 8, what is 41571 - -31?
41622
In base 2, what is 10 + 101001001101010110000101?
101001001101010110000111
In base 7, what is 0 + 5434251?
5434251
In base 14, what is 18078b8 - -9?
18078c3
In base 7, what is 13202 - 41100?
-24565
In base 3, what is 120021212 + 201011212?
1021110201
In base 7, what is -65 - 1362025?
-1362123
In base 11, what is 19074 - 85?
18a9a
In base 7, what is -250303125 + -3?
-250303131
In base 9, what is 48878 + -15308?
33570
In base 6, what is -1052301 - 4522?
-1101223
In base 12, what is 12b + 904368?
904497
In base 7, what is 1220010 + 113?
1220123
In base 2, what is -100110110000110110 - -1000000?
-100110101111110110
In base 15, what is 3 - 4497682?
-449767e
In base 4, what is -32300213 + 2130?
-32232023
In base 10, what is -1 + 2089792?
2089791
In base 9, what is -27 + 4828155?
4828127
In base 4, what is 310133122 - -20023?
310213211
In base 15, what is 3 + -210e5640?
-210e563c
In base 2, what is 10000110110001000110100 + 100?
10000110110001000111000
In base 6, what is 155 - -12210211?
12210410
In base 11, what is -2 + -976a77?
-976a79
In base 8, what is 14741276 + -17?
14741257
In base 4, what is 103110 - -231011210?
231120320
In base 11, what is 25992a - -12?
259941
In base 15, what is 838 - -1772?
20aa
In base 3, what is -1001212 + -122022012?
-200101001
In base 5, what is -223410 - 211400?
-440310
In base 2, what is 100001 + -101011100010110?
-101011011110101
In base 11, what is 74 + 12a843?
12a907
In base 9, what is -4 - -152645662?
152645657
In base 6, what is -30233 - 22325?
-53002
In base 11, what is 4627 - 1752?
2985
In base 11, what is -597559 + -564?
-598012
In base 12, what is -3405527 + 11?
-3405516
In base 2, what is 10110001100110100 - -101100001010?
10110111000111110
In base 14, what is -3 + 132305?
132302
In base 10, what is -25971 - -124?
-25847
In base 9, what is 302058080 + -2?
302058077
In base 8, what is -14 - -27713?
27677
In base 14, what is 12000 - 36d8?
c706
In base 15, what is 2112 + 5556?
7668
In base 15, what is 67 + -1822?
-17aa
In base 11, what is -2 - -492a21a?
492a218
In base 12, what is -8bb - 1671?
-2370
In base 3, what is 1211101112 - -22021?
1211200210
In base 2, what is -1000101110001001 - -1010010?
-1000101100110111
In base 16, what is 5 + -21aca9?
-21aca4
In base 4, what is 2303 + 20321100?
20330003
In base 4, what is -320 + -121121300022?
-121121301002
In base 7, what is 34230552 - 0?
34230552
In base 5, what is 224 - -221210443?
221211222
In base 11, what is 181 - -7523a2?
752573
In base 2, what is -100100010011111 - -1001000?
-100100001010111
In base 9, what is -1615 + -13436?
-15152
In base 3, what is 1011021112 + 21000102?
1102021221
In base 10, what is -7886167 + 23?
-7886144
In base 11, what is 3088a1 - 14?
308888
In base 14, what is 137702a + 2?
137702c
In base 9, what is 100103770 + -5?
100103764
In base 6, what is 122031 + -2131?
115500
In base 14, what is -27321 - -90c?
-26813
In base 12, what is 6a0 + -132362?
-131882
In base 11, what is -124a85 + 10?
-124a75
In base 14, what is -30 + 1202c?
11ddc
In base 14, what is 4370d01 - 5?
4370cda
In base 9, what is 43 - -5664173?
5664226
In base 3, what is -10 + -22211000202121?
-22211000202201
In base 2, what is -110010100110000111 + 10000?
-110010100101110111
In base 14, what is 180d + 2467?
3c76
In base 13, what is -b + -3c10b16?
-3c10b24
In base 11, what is 4175 + -29a9?
1277
In base 6, what is 3400433055 - 4?
3400433051
In base 3, what is -1022011102010 - 1?
-1022011102011
In base 15, what is ac44 - 2935?
830e
In base 7, what is 222 - -5324301?
5324523
In base 7, what is 1333 + -203220?
-201554
In base 4, what is -3321 - 2102132?
-2112113
In base 15, what is -23aac + -204?
-23cb1
In base 9, what is -184658720 + -4?
-184658724
In base 10, what is -55 + 67581?
67526
In base 6, what is -502434201 - -3?
-502434154
In base 7, what is 3366400053 + 10?
3366400063
In base 5, what is 12431104102 - 0?
12431104102
In base 11, what is -4 - 39671395?
-39671399
In base 10, what is -1 - 6272668?
-6272669
In base 13, what is -3 - aa2026?
-aa2029
In base 10, what is 2203496 - -8?
2203504
In base 12, what is 7b9b1b8 + -4?
7b9b1b4
In base 4, what is 10032303200233 + -100?
10032303200133
In base 14, what is -255 + -1507a?
-152d1
In base 5, what is -10 - 101140130221?
-101140130231
In base 4